
Let z(h) be the third derivative of -h**4/12 - h**3/6 - 43*h**2. Give z(0).
-1
Let r(p) = -p + 1. Let f(w) = 3. Let a be (1 + -4)/(3/2). Let o(v) = a*r(v) + f(v). Suppose -17 = -3*g - 5. Give o(g).
9
Let p(y) be the second derivative of 5*y**3/6 - 5*y**2/2 - 8*y. Let r(w) = w - 1. Let q(z) = 2*p(z) - 11*r(z). Determine q(5).
-4
Suppose 2*l - 20 = 4*i, -2*l + l + i = -14. Suppose -2*n - n = 3*z - l, 0 = 2*n - 2*z. Let w(v) = n*v + 0 + 1 + 0. Calculate w(-1).
-2
Let d(o) = -o - 8. Suppose -2*j = -3*j - 5. Determine d(j).
-3
Suppose -2*k = 3*k. Let r(s) = 118*s**2 + 4 - 117*s**2 + k - 6*s. Give r(3).
-5
Let w(o) = -28*o + 67*o - 33*o. Determine w(-2).
-12
Let v = 5 + -3. Suppose 0*y = v*y - 12. Let x(d) = d**3 - 7*d**2 + 6*d + 5. Calculate x(y).
5
Let f(z) = z**2 - 5*z - 8. Suppose w + 2*w = 18. Give f(w).
-2
Let a(b) = 8*b + 1. Suppose 0 = 2*x - m, x - m = m + 3. Calculate a(x).
-7
Let w(p) be the first derivative of p**3/3 - 3*p**2 - 7*p - 7. Let u(s) be the first derivative of w(s). Suppose 2*i = -2*i + 16. Calculate u(i).
2
Suppose 0 = -3*g + 2*g + 1. Let c be (2 - g) + (4 - 5). Suppose 0 = -c*b + 2*b - 8. Let n(t) = -t**2 + 6*t + 2. Calculate n(b).
10
Let n(h) = -22*h**2 + 42*h**2 - 16*h**2 - h**3 + 7*h - 7. What is n(5)?
3
Let m(t) = 3*t + 9. Let u(r) = r + 5. Let i(n) = 6*m(n) - 11*u(n). Let a(s) = s**2 + s + 1. Let y be a(0). Calculate i(y).
6
Let f = -181 + 186. Let t(c) = c**2 - c - 1. Let u(n) = 3*n**2 - 7*n - 5. Let m(q) = 2*t(q) - u(q). Calculate m(f).
3
Let p(i) = i**3 - 6*i**2 - 7*i - 9. Let f be p(7). Let t = -4 - f. Let a(b) = -5*b + 2*b**3 + 2*b**3 + 6*b**2 + 2 - t*b**3. What is a(5)?
2
Let i(q) = -7*q - q**2 + 3*q**2 + 1 - 3*q**2 + 0*q**2. Calculate i(-5).
11
Let s be (3/6)/((-1)/(-12)). Suppose -5*g - v + 26 = 0, 6 + 4 = g - v. Let a(k) = 4 + 6 - 2 + k**2 - g*k. Give a(s).
8
Let k(v) be the third derivative of -7*v**2 - 1/3*v**4 + 0 - 7/60*v**5 - 1/120*v**6 - v**3 + 0*v. Give k(-5).
-16
Let o(u) = 2*u**2 + u - 1. Suppose -2*k - 2*k - 16 = 0. Let w be 2 + (-6 - (k + 2)). Determine o(w).
5
Suppose 4 = -v + 8, 28 = -4*l + 3*v. Let y(c) = c**3 + 4*c**2 - 1. What is y(l)?
-1
Let x(q) = q - 7. Suppose -4*j - 36 = 2*j. Determine x(j).
-13
Let d(n) = n**3 + 6*n**2 + 4*n - 1. Let h be d(-4). Let z be (8/10)/(6/h). Let s(x) = 2*x + 1 + 2 - 2*x**2 + 4*x**z. Give s(-2).
7
Let i(d) be the second derivative of -d**6/30 + d**5/60 - d**4/24 + d**3/6 + 2*d**2 - 5*d. Let m(b) be the first derivative of i(b). Give m(1).
-3
Let r be 0*(-2 + (-5)/(-2)). Suppose r = -2*n + 3*n - 2. Suppose 3*l + n*l = -5*f - 30, -9 = -l + 4*f. Let s(b) = -b - 7. Determine s(l).
-4
Suppose 0 = -5*n + n + 16. Suppose -3*b - 5*o - 21 = 0, b - 6 = n*o + 4. Let p(m) = -m**3 - 2*m**2 + 3*m + 2. Determine p(b).
-4
Let j(y) = y**2 - 4*y + 11. Let f(q) = -q**2 + 3*q - 10. Let h(v) = 5*f(v) + 4*j(v). Calculate h(0).
-6
Let m(g) = -8*g - 1. Let o(c) = 2*c**2 + 4*c - 7. Let r be o(-3). Calculate m(r).
7
Let d be 1 + -2 - (-2 + -1). Let p(r) be the second derivative of -2/3*r**3 + 0 + 2*r + 1/4*r**4 + r**2. Calculate p(d).
6
Let f(v) = v**3 - 4*v**2 - 7*v + 3. Let x be (4 - 0) + -2 + 4. Determine f(x).
33
Let z = 11 - 17. Let i(w) = -w. What is i(z)?
6
Let x(u) = u**2 - 8*u + 8. Suppose 10 = d - 1. Let t(n) be the first derivative of n**2/2 - 5*n - 5. Let r be t(d). Give x(r).
-4
Suppose 3*x = -3 + 6. Let h(w) = 13*w**3 - w**2 + 5*w + 7. Let k(q) = -27*q**3 + 2*q**2 - 11*q - 15. Let v(g) = -13*h(g) - 6*k(g). Determine v(x).
-6
Let q be (-6)/(-15) - 264/(-15). Let k(r) = 20*r - q*r + 11 - 4 - 7*r**2 + 6*r**2. Let l be 54/10 + (-4)/10. Give k(l).
-8
Let v(g) = 2*g - 6*g**2 + 5 + 11*g**2 - 6*g**2. Suppose 5*z - 2*k = 28, -5*k - 10 = 3*z - 2. Let i be v(z). Let m(s) = -s + 3. Give m(i).
6
Suppose 2*w + 10 = -3*y - 2*y, 5*w + y - 21 = 0. Let b(z) = -2*z**3 - 4*z**2 - 2*z + 6. Let q(h) = h**3 - h - 1. Let u(o) = b(o) + 3*q(o). Give u(w).
3
Let p(f) = -f - 6. Suppose -8 = -4*j - 3*v, 3*j - 4*v - 31 = -0*j. Suppose -30 = -0*o + j*o. Calculate p(o).
0
Let l be ((-40 - 2) + 3)*-1. Suppose -a = 0, 9 - l = -5*g + 3*a. Let t(b) = -3 - b**2 - 4 + g + 8 - 4*b. Give t(-5).
2
Let c(o) = -o**3 - 4*o**2 + 3*o - 7. Suppose -112 = -5*s - 4*j, -2*s - 5*j + 95 = 2*s. Suppose -5*l = -l + s. Calculate c(l).
3
Let i(x) = -x - 3. Let n = -96 - -102. What is i(n)?
-9
Let z(q) be the first derivative of q**2/2 + 3*q + 10. Suppose 5*p = p + 8. Suppose 2 = -2*a, 3*g = -p*a - 0 - 17. Give z(g).
-2
Suppose 5*q - 14 = 7*q. Let b(x) = -x**2 - 5*x + 7. Give b(q).
-7
Let a = -5 + 7. Let m(h) = h + a*h - 2*h - 2 - 1. Give m(2).
-1
Let n(i) = -i**2 - 4*i - 5 - i - 2*i + 2*i**2. Calculate n(7).
-5
Suppose 4*f = 12 - 0. Suppose f*p = -7 - 5. Let x(m) = -m**3 - 4*m**2 + 2*m + 4. Determine x(p).
-4
Let r be 6 + (0 - 1) + 2. Suppose -r*h + 20 = -3*h. Let u(b) = 3 - 2*b - 4 + h. Calculate u(5).
-6
Let c(w) = -w**3 + 4*w**2 - 4. Let t be c(3). Suppose 5*f + 2 = -2*b + 5, t*f - 7 = 2*b. Let n(v) = -5 + 3*v - f - 1 + 0. What is n(5)?
8
Let w(i) = 14*i**2 + i - 35. Let c = 17 - 28. Let h(x) = -5*x**2 + 12. Let u(y) = c*h(y) - 4*w(y). Determine u(-6).
-4
Let w(r) = 3*r - 7*r**3 - 4*r**2 + 1 + r**2 - 6 + 6*r**3. Calculate w(-4).
-1
Suppose g = -1 + 3. Let j(r) = -5 - 5 + r + g + 0*r. Calculate j(7).
-1
Let v(n) = 5 - 3 + 0 + n + 1. Calculate v(-3).
0
Let i(t) = -3*t - 1. Let k be i(-1). Let y be (-3)/k + (-5)/(-2). Let n(d) be the first derivative of -d**2 + 1. Determine n(y).
-2
Let h(g) be the first derivative of -4*g**2 + g + 13. Determine h(1).
-7
Suppose -p - 2 + 7 = 0. Suppose 5*c - 3*n + 18 = 0, n = -p*c + 2*n - 26. Let q(g) be the first derivative of g**4/4 + 5*g**3/3 - 7*g**2/2 - 3*g + 2. Give q(c).
3
Let g(r) = r**2 - r + 1. Suppose -j - 1 - 9 = 0. Let b = -15 - j. Let l(d) = -4*d**2 + d - 6. Let a(p) = b*g(p) - l(p). Determine a(4).
1
Let o(r) = 14 - 7 + 3*r - 4*r. Calculate o(0).
7
Let t(s) = 9 - 14 - 1 + 5*s + s**2. Calculate t(-5).
-6
Let v(h) = -h - 3. Let r(i) = i**2 + 3*i + 10. Let z be (((-28)/2)/2)/1. Let p(q) = z*v(q) - 2*r(q). What is p(2)?
-5
Suppose -14 = -2*f - 4*i, 8 = i + i. Let r(a) = 3*a**2 + 5*a**3 + 7*a**2 - 8*a**2 + 1 + 2*a. Give r(f).
-4
Let b(j) = -2 - j**2 + 4 + 5 + 1 - 5*j. Calculate b(-7).
-6
Let j(y) be the second derivative of -y**5/20 - y**4/12 - 5*y - 5. What is j(-1)?
0
Let a(y) be the second derivative of -y**7/840 - y**6/60 - y**5/40 + 5*y**4/24 + y**3/6 + y. Let f(m) be the second derivative of a(m). Calculate f(-5).
-5
Suppose 5*j + 31 = 4*r, -3*r = j - 3*j - 11. Let v = 5 + j. Let o = v + 4. Let a(d) = d - 1. Give a(o).
1
Let w(q) = 3*q**3 + 3*q. Suppose 0 = o + 2*l + 9, 17 = -5*o - 3*l. Let g(p) = -p - 1. Let z(k) = o*g(k) - w(k). Give z(1).
-4
Let i = 9 - 4. Let a(j) = 0*j**2 - j + 4*j**2 - 2*j - 5*j**2 + i. Let d = 6 - 10. Calculate a(d).
1
Let l(j) = 4*j + 14. Let f(q) = 6*q + 21. Let o(b) = -b**2 + 2*b + 3. Let u be o(-2). Let w(a) = u*f(a) + 8*l(a). Determine w(-6).
-5
Let b(j) be the first derivative of j**3/3 - 9*j**2/2 - 7*j + 8. Let a be b(10). Let y(u) = -u + 3. What is y(a)?
0
Let s(t) = t**3 + 14*t**2 + 13*t - 7. Let v(k) = -k**3 - 13*k**2 - 12*k + 6. Let i(z) = 5*s(z) + 6*v(z). Calculate i(-7).
1
Let p(z) = z**3 + 5*z**2 + 4*z + 2. Suppose -c + 1 = -3. Suppose -5*q + c = -1. Let n be q/(-2 - 3/(-2)). Determine p(n).
6
Suppose -4*l - 21 = -1. Let u(z) = -z - 7. Determine u(l).
-2
Let x(m) = 0*m + 7 + m - 14. Calculate x(6).
-1
Let s(r) = -4*r**2 + r + r**3 + 7 + 4*r - 3*r**2. Let h be s(6). Let k(z) = 2*z**2 - 3*z**2 - h + 2*z**2. What is k(-2)?
3
Let y(w) = 2*w + 7. Suppose 0 = 4*l + 4*t - 48, 3*t + 14 = 4*l - 2*l. Suppose -3*d = -2*b - l, 0 = b - d + 6 - 1. Calculate y(b).
-3
Let w(i) = i - 1. Suppose 21*l - 21 = 18*l. Give w(l).
6
Let m(v) = -v**3 + 2*v**2 + 4*v. Suppose b + 8 = -b. Let t = b + 7. Calculate m(t).
3
Let w(y) be the third derivative of 0 - 1/30*y**6 - 1/6*y**3 + 0*y + 0*y**5 + 1/12*y**4 + 3*y**2. Let r be (-1)/(-3)*(0 + 3). Give w(r).
-3
Let g = 9 - 4. Suppose 10 = -g*c - 0. Let i(r) = r**3 + r**2 + 4*r + 3. Determine i(c).
-9
Let j(p) = -p**2 + 7*p + 5. Let r be j(8). Suppose -2*n - 5 = 3. Let w = n - r. Let y(h) = -3*h + 1. Determine y(w).
4
Let h(f) = -f**3 + 4*f**2 + 8*f - 5. Let w(b) = b**2 - 3*b - 5. Let v be w(5). Give h(v).
10
Let f(j) = 